isor of 24 and 3.
3
Calculate the highest common divisor of 1947 and 944.
59
Calculate the highest common divisor of 78 and 4654.
26
Calculate the highest common divisor of 174 and 96.
6
Calculate the highest common divisor of 13 and 20267.
13
What is the highest common factor of 3792 and 36?
12
What is the highest common factor of 90 and 225?
45
Calculate the greatest common factor of 306 and 102.
102
Calculate the greatest common factor of 70 and 28.
14
Calculate the greatest common factor of 1769 and 1037.
61
What is the highest common factor of 946 and 3182?
86
What is the highest common divisor of 215 and 125?
5
What is the highest common divisor of 116 and 18?
2
Calculate the greatest common divisor of 143 and 22.
11
What is the greatest common factor of 2916 and 36?
36
What is the greatest common divisor of 536 and 469?
67
What is the highest common factor of 32 and 856?
8
What is the greatest common factor of 198 and 162?
18
Calculate the greatest common factor of 13 and 325.
13
Calculate the greatest common factor of 284 and 355.
71
Calculate the greatest common factor of 21 and 23247.
21
Calculate the greatest common factor of 304 and 722.
38
What is the highest common divisor of 24 and 108?
12
What is the highest common divisor of 1189 and 3509?
29
What is the greatest common divisor of 36 and 2466?
18
Calculate the greatest common divisor of 10 and 365.
5
What is the greatest common divisor of 55 and 143?
11
What is the highest common divisor of 2533 and 34?
17
Calculate the highest common factor of 98 and 35.
7
What is the highest common divisor of 126 and 558?
18
Calculate the greatest common factor of 34 and 926.
2
Calculate the greatest common divisor of 105 and 495.
15
Calculate the greatest common divisor of 3504 and 36.
12
Calculate the greatest common factor of 224 and 32.
32
What is the greatest common factor of 1856 and 640?
64
Calculate the greatest common factor of 2288 and 3146.
286
What is the greatest common divisor of 160 and 64?
32
Calculate the greatest common divisor of 18 and 5328.
18
Calculate the greatest common divisor of 34 and 986.
34
Calculate the greatest common factor of 36 and 708.
12
Calculate the highest common factor of 31 and 899.
31
Calculate the greatest common factor of 323 and 684.
19
What is the greatest common divisor of 185 and 999?
37
What is the highest common factor of 1820 and 84?
28
Calculate the highest common factor of 832 and 130.
26
What is the highest common factor of 198 and 18?
18
What is the highest common divisor of 24 and 162?
6
Calculate the greatest common divisor of 29 and 3509.
29
Calculate the greatest common divisor of 6 and 82.
2
Calculate the highest common divisor of 2712 and 120.
24
What is the highest common factor of 96 and 204?
12
Calculate the greatest common divisor of 2852 and 92.
92
What is the highest common factor of 11 and 17?
1
What is the highest common divisor of 5047 and 1545?
103
Calculate the greatest common divisor of 33 and 154.
11
What is the highest common factor of 4725 and 30?
15
What is the highest common factor of 38 and 570?
38
Calculate the greatest common divisor of 767 and 39.
13
Calculate the greatest common divisor of 207 and 153.
9
What is the highest common divisor of 102 and 1054?
34
Calculate the highest common divisor of 41 and 16.
1
Calculate the highest common divisor of 140 and 1085.
35
Calculate the greatest common divisor of 26 and 82.
2
What is the highest common divisor of 113 and 2?
1
Calculate the greatest common factor of 595 and 35.
35
What is the greatest common divisor of 748 and 77?
11
What is the highest common divisor of 225 and 2448?
9
What is the greatest common divisor of 1480 and 60?
20
Calculate the highest common divisor of 1 and 47.
1
What is the highest common divisor of 76 and 16416?
76
Calculate the greatest common factor of 7 and 917.
7
Calculate the highest common factor of 4142 and 38.
38
What is the highest common divisor of 15190 and 124?
62
Calculate the highest common factor of 35525 and 245.
245
What is the highest common divisor of 301 and 43?
43
Calculate the highest common factor of 6583 and 29.
29
Calculate the greatest common factor of 11 and 11.
11
What is the highest common factor of 630 and 3360?
210
What is the greatest common divisor of 40 and 19160?
40
What is the highest common divisor of 216 and 264?
24
What is the highest common divisor of 176 and 16?
16
Calculate the greatest common divisor of 6 and 2742.
6
Calculate the greatest common divisor of 54 and 702.
54
Calculate the greatest common factor of 1764 and 36.
36
Calculate the highest common factor of 3680 and 115.
115
Calculate the highest common divisor of 11 and 3146.
11
What is the greatest common divisor of 3140 and 20?
20
What is the highest common factor of 2988 and 54?
18
Calculate the greatest common divisor of 483 and 21.
21
Calculate the highest common factor of 680 and 68.
68
Calculate the highest common factor of 266 and 280.
14
What is the highest common divisor of 209 and 44?
11
What is the greatest common divisor of 52 and 806?
26
What is the greatest common divisor of 899 and 4898?
31
What is the greatest common divisor of 3955 and 28?
7
Calculate the greatest common factor of 35 and 1841.
7
What is the greatest common divisor of 108 and 4?
4
What is the highest common factor of 82 and 1394?
82
Calculate the highest common factor of 9 and 27.
9
What is the highest common divisor of 1189 and 41?
41
Calculate the greatest common factor of 636 and 12.
12
What is the highest common divisor of 682 and 11?
11
Calculate the highest common factor of 910 and 70.
70
What is the greatest common divisor of 1639 and 1341?
149
What is the greatest common divisor of 112 and 5404?
28
Calculate the highest common factor of 115 and 184.
23
What is the greatest common divisor of 2813 and 493?
29
Calculate the greatest common divisor of 98 and 343.
49
Calculate the greatest common divisor of 86 and 11954.
86
Calculate the highest common factor of 18249 and 474.
237
Calculate the greatest common factor of 9 and 9.
9
What is the greatest common factor of 15 and 45?
15
What is the highest common divisor of 25704 and 136?
136
Calculate the highest common divisor of 198 and 210.
6
Calculate the highest common divisor of 16 and 4.
4
What is the greatest common factor of 30 and 615?
15
What is the highest common divisor of 210 and 12705?
105
Calculate the greatest common divisor of 462 and 12.
6
What is the highest common factor of 66151 and 83?
83
What is the highest common divisor of 188 and 235?
47
Calculate the highest common divisor of 165 and 210.
15
What is the greatest common factor of 364 and 104?
52
What is the highest common divisor of 27 and 3429?
27
Calculate the greatest common divisor of 1350 and 162.
54
Calculate the greatest common divisor of 34 and 578.
34
Calculate the highest common divisor of 132 and 1392.
12
Calculate the highest common factor of 137 and 46991.
137
What is the greatest common divisor of 508 and 52?
4
Calculate the greatest common divisor of 70 and 12278.
14
Calculate the highest common factor of 674 and 34037.
337
Calculate the greatest common factor of 68 and 4794.
34
Calculate the greatest common factor of 25 and 52500.
25
Calculate the greatest common factor of 1183 and 26.
13
Calculate the greatest common divisor of 48 and 6.
6
Calculate the greatest common divisor of 168 and 24.
24
What is the highest common factor of 1479 and 17?
17
What is the greatest common factor of 595 and 187?
17
What is the greatest common divisor of 248 and 1798?
62
What is the highest common factor of 10 and 2730?
10
Calculate the greatest common divisor of 108 and 621.
27
What is the greatest common factor of 8 and 89?
1
Calculate the highest common factor of 154 and 5280.
22
What is the highest common factor of 7420 and 140?
140
Calculate the highest common divisor of 130 and 468.
26
What is the greatest common divisor of 995 and 30?
5
Calculate the highest common factor of 4 and 7.
1
What is the highest common divisor of 325 and 13?
13
What is the greatest common divisor of 72 and 384?
24
What is the greatest common factor of 822 and 6?
6
Calculate the highest common divisor of 525 and 750.
75
Calculate the greate